alculate the remainder when 544475 is divided by 122.
111
Calculate the remainder when 3126 is divided by 37.
18
Calculate the remainder when 236463 is divided by 160.
143
Calculate the remainder when 403366 is divided by 12.
10
What is the remainder when 1021 is divided by 993?
28
Calculate the remainder when 330 is divided by 237.
93
What is the remainder when 8567 is divided by 476?
475
Calculate the remainder when 7020 is divided by 36.
0
What is the remainder when 83228 is divided by 5935?
138
What is the remainder when 15225 is divided by 544?
537
What is the remainder when 28105 is divided by 13987?
131
Calculate the remainder when 30144 is divided by 67.
61
Calculate the remainder when 10641 is divided by 91.
85
Calculate the remainder when 8063 is divided by 128.
127
Calculate the remainder when 116730 is divided by 43.
28
Calculate the remainder when 1000401 is divided by 101.
97
Calculate the remainder when 558751 is divided by 249.
244
Calculate the remainder when 93727 is divided by 199.
197
What is the remainder when 79629 is divided by 19905?
9
What is the remainder when 6251 is divided by 15?
11
What is the remainder when 64700 is divided by 6?
2
What is the remainder when 8244 is divided by 197?
167
Calculate the remainder when 5910 is divided by 5884.
26
What is the remainder when 24916 is divided by 8226?
238
Calculate the remainder when 415034 is divided by 115.
114
Calculate the remainder when 43158 is divided by 22.
16
Calculate the remainder when 1593364 is divided by 949.
942
Calculate the remainder when 14074 is divided by 33.
16
What is the remainder when 11748 is divided by 31?
30
What is the remainder when 16555949 is divided by 16?
13
Calculate the remainder when 9958 is divided by 89.
79
What is the remainder when 58615 is divided by 501?
499
What is the remainder when 8992 is divided by 375?
367
Calculate the remainder when 348605 is divided by 14.
5
Calculate the remainder when 1319 is divided by 199.
125
Calculate the remainder when 11032 is divided by 119.
84
What is the remainder when 28474 is divided by 103?
46
What is the remainder when 79559 is divided by 24?
23
Calculate the remainder when 3506610 is divided by 33.
30
What is the remainder when 30539 is divided by 5083?
41
What is the remainder when 1212 is divided by 284?
76
Calculate the remainder when 562304 is divided by 95.
94
What is the remainder when 5146029 is divided by 41?
37
What is the remainder when 826968 is divided by 10?
8
What is the remainder when 1132 is divided by 7?
5
What is the remainder when 219691 is divided by 24408?
19
Calculate the remainder when 44013 is divided by 193.
9
What is the remainder when 206440 is divided by 155?
135
What is the remainder when 835 is divided by 53?
40
Calculate the remainder when 687442 is divided by 943.
938
Calculate the remainder when 22002 is divided by 714.
582
What is the remainder when 10643 is divided by 3430?
353
Calculate the remainder when 8373 is divided by 135.
3
What is the remainder when 959 is divided by 205?
139
What is the remainder when 25929 is divided by 70?
29
What is the remainder when 31521 is divided by 7702?
713
Calculate the remainder when 1966943 is divided by 28.
27
What is the remainder when 326724 is divided by 533?
528
Calculate the remainder when 47271 is divided by 155.
151
What is the remainder when 259070 is divided by 25906?
10
Calculate the remainder when 125203 is divided by 16.
3
What is the remainder when 141745 is divided by 135?
130
Calculate the remainder when 370417 is divided by 10.
7
What is the remainder when 70706 is divided by 51?
20
Calculate the remainder when 378001 is divided by 125998.
7
Calculate the remainder when 15701 is divided by 785.
1
Calculate the remainder when 1897981 is divided by 159.
157
Calculate the remainder when 274120 is divided by 278.
12
Calculate the remainder when 84922 is divided by 28304.
10
What is the remainder when 2034 is divided by 121?
98
Calculate the remainder when 7403 is divided by 4.
3
Calculate the remainder when 11303 is divided by 1088.
423
What is the remainder when 1276981 is divided by 199?
197
What is the remainder when 6128 is divided by 510?
8
Calculate the remainder when 548 is divided by 135.
8
What is the remainder when 2905 is divided by 194?
189
Calculate the remainder when 1170184 is divided by 224.
8
What is the remainder when 3743 is divided by 669?
398
What is the remainder when 2913 is divided by 906?
195
Calculate the remainder when 10092 is divided by 918.
912
What is the remainder when 917 is divided by 329?
259
What is the remainder when 13167 is divided by 25?
17
Calculate the remainder when 513 is divided by 180.
153
What is the remainder when 10234 is divided by 5?
4
What is the remainder when 2437 is divided by 51?
40
Calculate the remainder when 1323 is divided by 911.
412
What is the remainder when 69533 is divided by 12?
5
What is the remainder when 657707 is divided by 241?
18
What is the remainder when 186312 is divided by 1455?
72
Calculate the remainder when 69463 is divided by 47.
44
Calculate the remainder when 370664 is divided by 123552.
8
Calculate the remainder when 32841 is divided by 31.
12
Calculate the remainder when 286634 is divided by 105.
89
Calculate the remainder when 6869 is divided by 111.
98
Calculate the remainder when 249935 is divided by 42.
35
Calculate the remainder when 8225 is divided by 26.
9
What is the remainder when 26896 is divided by 1926?
1858
What is the remainder when 5409 is divided by 57?
51
Calculate the remainder when 62362 is divided by 32.
26
What is the remainder when 1992 is divided by 715?
562
What is the remainder when 995223 is divided by 8?
7
Calculate the remainder when 10560 is divided by 370.
200
What is the remainder when 167639 is divided by 1125?
14
Calculate the remainder when 3617 is divided by 47.
45
What is the remainder when 391067 is divided by 213?
212
Calculate the remainder when 354554 is divided by 137.
135
What is the remainder when 67943 is divided by 33961?
21
What is the remainder when 64847 is divided by 738?
641
What is the remainder when 85758 is divided by 67?
65
What is the remainder when 3264 is divided by 267?
60
Calculate the remainder when 1346 is divided by 635.
76
What is the remainder when 1266382 is divided by 14?
12
What is the remainder when 4539 is divided by 59?
55
What is the remainder when 6797 is divided by 50?
47
Calculate the remainder when 80914 is divided by 132.
130
Calculate the remainder when 37555 is divided by 57.
49
What is the remainder when 143501 is divided by 48?
29
What is the remainder when 926 is divided by 49?
44
What is the remainder when 26239 is divided by 83?
11
What is the remainder when 31707 is divided by 1282?
939
What is the remainder when 415 is divided by 205?
5
Calculate the remainder when 16532 is divided by 57.
2
Calculate the remainder when 7678 is divided by 40.
38
Calculate the remainder when 12499 is divided by 12492.
7
What is the remainder when 1571 is divided by 913?
658
What is the remainder when 67867 is divided by 295?
17
Calculate the remainder when 59315 is divided by 4.
3
What is the remainder when 11547 is divided by 1648?
11
What is the remainder when 610940 is divided by 111?
107
Calculate the remainder when 7220064 is divided by 365.
364
Calculate the remainder when 10314 is divided by 190.
54
What is the remainder when 53 is divided by 35?
18
Calculate the remainder when 44084 is divided by 22030.
24
Calculate the remainder when 214384 is divided by 467.
31
What is the remainder when 223279 is divided by 988?
979
Calculate the remainder when 261520 is divided by 20.
0
Calculate the remainder when 112037 is divided by 77.
2
What is the remainder when 68053 is divided by 188?
185
What is the remainder when 110823 is divided by 16?
7
Calculate the remainder when 299 is divided by 198.
101
What is the remainder when 1390657 is divided by 419?
415
What is the remainder when 5418 is divided by 716?
406
Calculate the remainder when 1923 is divided by 104.
51
What is the remainder when 20303 is divided by 48?
47
What is the remainder when 258 is divided by 221?
37
What is the remainder when 4310 is divided by 273?
215
What is the remainder when